s the ten thousands digit of 57138?
5
What is the ten thousands digit of 45756?
4
What is the hundreds digit of 366?
3
What is the hundreds digit of 24902?
9
What is the tens digit of 91561?
6
What is the units digit of 95086?
6
What is the tens digit of 7577?
7
What is the thousands digit of 6057?
6
What is the ten thousands digit of 14187?
1
What is the hundreds digit of 790?
7
What is the thousands digit of 22268?
2
What is the ten thousands digit of 53545?
5
What is the units digit of 51614?
4
What is the units digit of 420?
0
What is the thousands digit of 3487?
3
What is the units digit of 27393?
3
What is the hundreds digit of 8582?
5
What is the hundreds digit of 41520?
5
What is the thousands digit of 6979?
6
What is the units digit of 3124?
4
What is the thousands digit of 1966?
1
What is the units digit of 9?
9
What is the units digit of 1995?
5
What is the thousands digit of 10150?
0
What is the tens digit of 3153?
5
What is the units digit of 837?
7
What is the thousands digit of 181842?
1
What is the hundreds digit of 12404?
4
What is the units digit of 5998?
8
What is the tens digit of 126148?
4
What is the tens digit of 44010?
1
What is the tens digit of 208?
0
What is the ten thousands digit of 137427?
3
What is the tens digit of 16087?
8
What is the hundreds digit of 8150?
1
What is the units digit of 9401?
1
What is the thousands digit of 93128?
3
What is the thousands digit of 49249?
9
What is the units digit of 531?
1
What is the units digit of 3769?
9
What is the tens digit of 12878?
7
What is the hundreds digit of 9713?
7
What is the hundreds digit of 374?
3
What is the thousands digit of 5215?
5
What is the hundreds digit of 119173?
1
What is the hundreds digit of 4546?
5
What is the thousands digit of 4802?
4
What is the units digit of 17579?
9
What is the thousands digit of 3565?
3
What is the tens digit of 24924?
2
What is the units digit of 814?
4
What is the ten thousands digit of 11740?
1
What is the hundreds digit of 13123?
1
What is the thousands digit of 10873?
0
What is the hundreds digit of 7054?
0
What is the units digit of 186?
6
What is the thousands digit of 17911?
7
What is the hundreds digit of 7032?
0
What is the thousands digit of 43089?
3
What is the tens digit of 1787?
8
What is the hundreds digit of 10878?
8
What is the thousands digit of 1161?
1
What is the units digit of 147881?
1
What is the tens digit of 2464?
6
What is the tens digit of 2812?
1
What is the hundreds digit of 898?
8
What is the units digit of 985?
5
What is the thousands digit of 26499?
6
What is the thousands digit of 25352?
5
What is the hundreds digit of 62827?
8
What is the tens digit of 1134?
3
What is the units digit of 1234?
4
What is the thousands digit of 21669?
1
What is the thousands digit of 4483?
4
What is the tens digit of 59?
5
What is the tens digit of 30703?
0
What is the hundreds digit of 119468?
4
What is the hundreds digit of 184?
1
What is the ten thousands digit of 22679?
2
What is the tens digit of 38498?
9
What is the units digit of 1263?
3
What is the hundred thousands digit of 144630?
1
What is the hundreds digit of 5602?
6
What is the thousands digit of 7406?
7
What is the units digit of 858?
8
What is the hundreds digit of 1932?
9
What is the thousands digit of 28898?
8
What is the thousands digit of 2433?
2
What is the tens digit of 845?
4
What is the hundreds digit of 6333?
3
What is the thousands digit of 26616?
6
What is the hundreds digit of 9092?
0
What is the tens digit of 227?
2
What is the units digit of 747?
7
What is the tens digit of 55225?
2
What is the units digit of 729?
9
What is the units digit of 9215?
5
What is the thousands digit of 37501?
7
What is the tens digit of 4558?
5
What is the tens digit of 2325?
2
What is the tens digit of 2026?
2
What is the tens digit of 37531?
3
What is the units digit of 54613?
3
What is the tens digit of 145?
4
What is the hundreds digit of 1417?
4
What is the thousands digit of 10242?
0
What is the thousands digit of 35652?
5
What is the units digit of 3642?
2
What is the hundreds digit of 9085?
0
What is the units digit of 1210?
0
What is the hundreds digit of 2862?
8
What is the ten thousands digit of 79992?
7
What is the hundreds digit of 6272?
2
What is the tens digit of 11739?
3
What is the units digit of 46655?
5
What is the tens digit of 7267?
6
What is the tens digit of 28461?
6
What is the units digit of 2334?
4
What is the tens digit of 83263?
6
What is the hundreds digit of 43567?
5
What is the units digit of 4499?
9
What is the thousands digit of 42805?
2
What is the tens digit of 13995?
9
What is the hundreds digit of 592?
5
What is the tens digit of 861?
6
What is the tens digit of 548?
4
What is the tens digit of 12509?
0
What is the tens digit of 14881?
8
What is the hundreds digit of 1564?
5
What is the thousands digit of 2848?
2
What is the tens digit of 434?
3
What is the hundreds digit of 323?
3
What is the ten thousands digit of 110973?
1
What is the hundreds digit of 9937?
9
What is the hundreds digit of 259?
2
What is the hundreds digit of 16041?
0
What is the units digit of 885?
5
What is the hundreds digit of 3603?
6
What is the hundreds digit of 683?
6
What is the hundreds digit of 109?
1
What is the thousands digit of 38193?
8
What is the units digit of 696?
6
What is the units digit of 5513?
3
What is the ten thousands digit of 28646?
2
What is the tens digit of 3465?
6
What is the hundreds digit of 3870?
8
What is the tens digit of 813?
1
What is the thousands digit of 58718?
8
What is the hundreds digit of 211?
2
What is the thousands digit of 2179?
2
What is the hundreds digit of 169523?
5
What is the units digit of 8391?
1
What is the units digit of 887?
7
What is the hundreds digit of 3426?
4
What is the units digit of 126255?
5
What is the units digit of 2811?
1
What is the hundreds digit of 284?
2
What is the hundreds digit of 1184?
1
What is the units digit of 22725?
5
What is the thousands digit of 11477?
1
What is the hundreds digit of 4162?
1
What is the thousands digit of 1201?
1
What is the hundreds digit of 14689?
6
What is the tens digit of 42206?
0
What is the ten thousands digit of 22023?
2
What is the tens digit of 41386?
8
What is the units digit of 34172?
2
What is the units digit of 63?
3
What is the hundreds digit of 6781?
7
What is the thousands digit of 2053?
2
What is the tens digit of 55465?
6
What is the hundreds digit of 4445?
4
What is the thousands digit of 7150?
7
What is the hundreds digit of 1217?
2
What is the hundreds digit of 8498?
4
What is the units digit of 2225?
5
What is the thousands digit of 10464?
0
What is the tens digit of 94985?
8
What is the hundreds digit of 8075?
0
What is the units digit of 16703?
3
What is the units digit of 2664?
4
What is the units digit of 435?
5
What is the units digit of 4869?
9
What is the hundreds digit of 17610?
6
What is the ten thousands digit of 18547?
1
What is the tens digit of 380?
8
What is the units digit of 386?
6
What is the units digit of 230?
0
What is the units digit of 2784?
4
What is the tens digit of 14681?
8
What is the thousands digit of 3177?
3
What is the thousands digit of 36387?
6
What is the ten thousands digit of 53267?
5
What is the thousands digit of 35997?
5
What is the thousands digit of 1119?
1
What is the hundreds digit of 60874?
8
What is the thousands digit of 1566?
1
What is the ten thousands digit of 11306?
1
What is the units digit of 109725?
5
What is the units digit of 367?
7
What is the thousands digit of 1923?
1
What is the hundreds digit of 2979?
9
What is the thousands digit of 34589?
4
What is the units digit of 11261?
1
What is the hundreds digit of 712?
7
What is the units digit of 90608?
8
What is the thousands digit of 27203?
7
What is the hundreds digit of 19910?
9
What is the hundreds digit of 35222?
2
What is the hundreds digit of 13944?
9
What is the units digit of 10797?
7
What is the thousands digit of 16677?
6
What is the hundreds digit of 4615?
6
What is the units digit of 6656?
6
What is the units digit of 1349?
9
What is the thousands digit of 1216?
1
What is the tens digit of 537?
3
What is the thousands digit of 5745?
5
What is the units digit of 4702?
2
What is the hundreds digit of